s the tens digit of n?
2
Let m be (-24)/10 - 10/(-25). Let v be ((-8)/12)/(m/9). Suppose 3*q - 92 = -q + v*n, -3*n = 2*q - 28. What is the units digit of q?
0
What is the hundreds digit of -7 + -10 - -10 - -1216?
2
Suppose 16326 = 55*h - 3474. What is the units digit of h?
0
Suppose -8*u = -3*u + 5. What is the units digit of 67 + (5 + u - 1)?
0
Suppose -179*y = -187*y + 16936. What is the tens digit of y?
1
Let s = -106 + 130. Let p(v) = -15*v**3 + 2*v**2 + 2*v + 1. Let i be p(-1). Let g = s - i. What is the units digit of g?
8
Let f(x) = -2*x**2 + 5*x + 2. Let h(n) = -3*n**2 + 10*n + 5. Let v(p) = -5*f(p) + 3*h(p). Suppose 4*t = -0*t - 28. What is the tens digit of v(t)?
1
Let q be 12/16 - 6/8. Suppose -3 = -d + 2*w + 2, q = 5*w. Suppose d = -f, 4*z + 4*f = 2*f + 58. What is the units digit of z?
7
Suppose 0 = -15*i + 10*i + 11780. What is the hundreds digit of i?
3
Let g(v) = -v**3 - 33*v**2 + 40*v - 164. What is the hundreds digit of g(-35)?
8
Let m be 6/(-10) + ((-1164)/(-15))/(-4). Let r(o) be the second derivative of -o**5/20 - 5*o**4/3 - 2*o**3/3 - 12*o**2 - 2*o. What is the units digit of r(m)?
6
Suppose -3261 + 413 = -4*p. What is the hundreds digit of p?
7
Let r(j) be the second derivative of -j**4/12 + 3*j**3/2 - j**2/2 - 2*j. Let f = 4 + 2. What is the units digit of r(f)?
7
Let h be -20 + 17 + 3*3. What is the hundreds digit of 3910/35 - h/(-21)?
1
Suppose 3*u - 6590 = -5*n + 8940, 5*u - 3084 = -n. What is the hundreds digit of n?
1
Suppose 3*y = -y + 3*v - 12, 20 = 5*y + 5*v. Let u(c) = 7*c - 52. Let m be u(10). Let i = m - y. What is the tens digit of i?
1
Let q(f) = -f**3 + 6*f**2 + f - 2. Let d be q(6). Suppose -d*z = -z - 6. Suppose 3*x - y = 35, 0 = z*x + 4*y - 3 - 39. What is the units digit of x?
3
Let p(z) = -z + 3. Let o be p(-5). Let u(v) be the second derivative of -v**4/12 + 17*v**3/6 - 10*v**2 + v - 2. What is the units digit of u(o)?
2
Let j be -10 + 8 - (-8)/(0 + 1). Let b = j - -78. What is the units digit of b?
4
Suppose 33 = 21*w - 18*w. Suppose -258 = 5*a - w*a. What is the units digit of a?
3
Suppose -a = -d - 5, 2*d + 3*a = -27 - 8. Let t(l) = -10*l**2 - 3*l + 3*l**3 - 15 - 6*l**3 + 0*l**3 + 2*l**3. What is the units digit of t(d)?
5
Suppose 2*s + 18 = -26. Suppose 16*w - 11*w = 215. Let b = s + w. What is the units digit of b?
1
Suppose n - 5*q + 6*q = 2482, 4*n - 9932 = -3*q. What is the tens digit of n?
8
Suppose -15*s + 4 = -14*s. Suppose 2*l = 3*r + 45, l + 3*r = s + 23. What is the tens digit of l?
2
Let a(m) = m**2 - 20*m + 33. Let h be (690/75)/((-2)/(-5)). What is the units digit of a(h)?
2
Let c(t) = -5*t**2 - 13*t + t**2 + 8 + 3*t**2 - 2. What is the tens digit of c(-8)?
4
Let k(x) = 2*x**2 + 2*x - 7. Let w(d) = d**3 + 2*d**2 + 2*d - 8. Let a(z) = 3*k(z) - 2*w(z). What is the hundreds digit of a(-4)?
1
Let v be (-6)/15*10/8*-10. Suppose -c - 2*c - 495 = -v*p, 0 = 3*p + 5*c - 263. What is the units digit of p?
6
Suppose 5*q + 29 = -4*t, -3*t + 5*t = -q - 19. Let j be (-13)/(-1) - (-6 + 3). Let f = t + j. What is the units digit of f?
5
Let a(g) = -152*g - 1128. What is the tens digit of a(-14)?
0
What is the units digit of 110/(-25) - (-8)/20 - -1402?
8
Suppose -3*l + 8 = -r + 52, 3*r = -l + 152. Suppose -r = -2*b + 42. Suppose -f + 3*f = b. What is the units digit of f?
3
Let i = 457 + -247. What is the tens digit of i?
1
Let f be 0 + 2 + 0 - (-256 - -5). Suppose -5*s + f + 332 = 0. What is the tens digit of s?
1
Suppose t + u + 119 = 0, 5*t + 676 = 5*u + 51. Let x be t/4 + 3/6. What is the tens digit of (10/3)/((-2)/x)?
5
Suppose 5*f + 15 = 0, 4*b - b + 4*f = 3057. What is the hundreds digit of b?
0
Let h(a) = -8*a + 3. Let p be h(6). Suppose 2*l - 164 = -2*w, -137 = 5*w + l - 535. Let y = w + p. What is the tens digit of y?
3
Suppose 4*b + 2*g - 2642 = 0, -3*b = -4*g - 1284 - 670. What is the hundreds digit of b?
6
Suppose 0 = 4*p - 2 - 6. Suppose -p - 2 = -4*w. What is the tens digit of (-2)/(-1) - (-9)/w?
1
Suppose 0*u = -11*u + 110. What is the tens digit of -3 - (-72 + u/(-5))?
7
What is the hundreds digit of ((-99)/(-22))/((-3)/(-316))*1?
4
Suppose -4*b + 23 = -a, 0 = 2*a - 3*b - 2*b + 58. What is the tens digit of (-104)/a*(1 - 35/(-4))?
2
Let k be 1/(-3) - 286/(-39). Suppose -y + 2 + k = 0. What is the units digit of y?
9
Let f = -457 - -685. What is the units digit of f?
8
Suppose 2*t - 987 = 247. What is the units digit of t?
7
Suppose l + 2 = 0, -o + 47*l = 48*l - 256. What is the units digit of o?
8
Let b(m) = 3*m**2 + 8*m - 5. Let g be b(6). Suppose 2*j + g + 916 = 5*h, 5*j + 840 = 4*h. What is the units digit of h?
5
Let k = 210 + 1050. What is the hundreds digit of k?
2
Let c(b) be the third derivative of -b**7/1680 + b**6/90 + b**5/30 + 7*b**2. Let y(m) be the third derivative of c(m). What is the tens digit of y(-10)?
3
Let p be ((-6)/8)/(4/(-464)). Suppose w = -0*w + p. Let c = w - 56. What is the tens digit of c?
3
What is the tens digit of 32950/15*72/40?
5
Suppose p + 8 - 3 = 0. Let g(f) = f**3 + 6*f**2 + 2*f + 3. Let v be g(p). What is the tens digit of 2*3/v*45?
1
Suppose -6*h - 3 = 3*o - 3*h, -5*o + 5*h = -35. Let s(a) = 0 + 5 + 8*a - 4. What is the units digit of s(o)?
5
Suppose -v = 1, 2*y - v - 11981 = -3*y. What is the units digit of y?
6
What is the tens digit of (195/52*-2)/(3/(-118))?
9
Let j = 7 - -8. Let g = j + -17. Let l(u) = 5*u**2 + 2. What is the tens digit of l(g)?
2
What is the hundreds digit of 38700/32 - -4 - (-6)/(-16)?
2
Suppose -2*x + 64 = -0. Suppose -116 = -h - x. What is the tens digit of h?
8
Let m = 142 + -126. Let c(q) = -q**2 + 31*q + 8. What is the units digit of c(m)?
8
Let o = -418 - -966. What is the hundreds digit of o?
5
Suppose 11178 = -14*j + 37*j. What is the hundreds digit of j?
4
Suppose -9 = -4*m + 3. Let l be 4 - 0 - 4/(-6)*6. Suppose -5*v - 36 = -u, m*u = -5*v - l + 96. What is the tens digit of u?
3
Let d = 269 + 1. Let p = 540 - d. What is the hundreds digit of p?
2
Let m = 4 - 2. Suppose -5 - 17 = -m*s. Let x = 20 - s. What is the units digit of x?
9
What is the units digit of (-10)/(-360)*-6 - 10442/(-12)?
0
Suppose -5*a - c = 2*c - 703, 4*c - 564 = -4*a. Suppose -n + 90 = 3*w, -5*n + w + a = -342. What is the tens digit of n?
9
Suppose -7*g = 9 - 2. What is the tens digit of 14/49 + (g - (-976)/14)?
6
Let n(w) = w**3 - 5*w**2 + 5*w - 2. Let a be n(4). Let j be ((-6)/5)/(a/5). What is the tens digit of (j - 2)*(2 + -7)?
2
Let q(i) = -i**3 + 9*i**2 - 5. What is the tens digit of q(8)?
5
Let w(z) = -6*z - 2. Suppose 3*o = v - 3*v + 11, 2*v - 16 = -4*o. Let y be w(v). Suppose h - 10 = -4*b, 0 = 3*h - 2*h - 2*b - y. What is the tens digit of h?
1
Let n be (0/(1 - -1))/1. Let s = 17 - 17. Suppose s*d + d - 31 = n. What is the units digit of d?
1
Let s(w) = 491*w - 9. What is the tens digit of s(1)?
8
Let m(o) = -10 - 56*o - 59*o + 102*o. Let z be (-5)/(-3)*54/(-18). What is the units digit of m(z)?
5
Let w = 168 + -7. What is the hundreds digit of w?
1
Let k be 320/36 - 1/(-9). Suppose -k*m = -715 - 635. What is the tens digit of m?
5
Let w(r) = 3691*r**2 + 16*r + 1. What is the hundreds digit of w(1)?
7
Let t(k) = -k**3 + 59*k**2 - 11*k + 163. What is the hundreds digit of t(58)?
8
Suppose -1 = 5*b - 16. What is the tens digit of 67/b*(-18)/(-6)?
6
Let d(p) = -9 + 6*p + 14 - 2*p. Let c be d(11). Let b = c + -11. What is the tens digit of b?
3
Suppose 3*i = 3*x + 618, i + 2*x - 643 = -2*i. Let g = i - 138. What is the units digit of g?
3
Let h(k) = 2*k - 8. Suppose 4*r + 3*n - 45 = 0, -4*r + 0*n - 2*n + 46 = 0. What is the tens digit of h(r)?
1
Let r(l) = -77*l - 96. What is the tens digit of r(-11)?
5
Let x = -151 - -360. What is the hundreds digit of x?
2
Let s = 67 + -97. What is the units digit of (-776)/s - (-12)/90?
6
Let v(l) = -l - 1. Let s be v(-3). Let z be (-2)/(((-12)/(-63))/s). Let j = z + 92. What is the units digit of j?
1
Let d(r) be the third derivative of -r**5/60 - r**4 - 10*r**3/3 - 23*r**2. What is the units digit of d(-23)?
3
Let k(z) be the first derivative of -z**4/4 - 10*z**3/3 - 6*z**2 - 6*z - 1. Suppose -24 = p - 3*y, -4*p - y - y - 26 = 0. What is the units digit of k(p)?
1
Suppose 0*v - 20 = -2*v - 2*p, -p = -5. Let f = 127 + -125. Suppose s + 3*q = 18, v*s + f*q = 88 + 15. What is the tens digit of